 Suppose r + 9 = b. What is z(r)?
-18
Let b(c) = -31*c**3 - 2*c**2 + 20*c + 27. Let f(i) = -67*i**3 - 4*i**2 + 41*i + 53. Let g(k) = 13*b(k) - 6*f(k). Give g(-4).
9
Let x(q) be the first derivative of 8*q**2 + q - 248. Let b(r) = r - 13. Let s be b(13). Let k be s - (0 + -2 + 1). Determine x(k).
17
Let o(b) be the first derivative of -b**3/3 - 17*b**2/2 - 5*b + 9104. Give o(0).
-5
Let t(q) = 20*q**2 - 314*q - 83. Let c be t(16). Let b(r) = -4*r + 63. What is b(c)?
11
Let w be (4/(-1))/((5 - -1) + 2314/(-356)). Let l(d) = -69*d + 551. Give l(w).
-1
Let w(f) = -f**3 - 4*f**2 - 6*f - 27. Suppose 1274 = -11*p + 1230. Give w(p).
-3
Suppose 43 = 21*v + 1. Suppose 0 = -3*w - 2*m + 22, -2*m = -6*w + v*w + 20. Let s(n) = -n**3 + 5*n**2 + 7*n + 6. Give s(w).
12
Let y(g) = -6*g**3 - 6*g**2 + 10*g - 19. Let m(c) = c**3 + 2*c**2 - c + 1. Let n(h) = -7*m(h) - y(h). Determine n(-8).
36
Let z(g) be the third derivative of g**4/24 - 3*g**3/2 + 2*g**2 - 163. Suppose 0*r + r = 0. Suppose -3*u + 2*u - 70 = -5*s, r = 2*s - 2*u - 36. Give z(s).
4
Let v(u) be the second derivative of -20*u**3/3 + 121*u**2/2 + 1451*u. Give v(3).
1
Let w(d) = -d**2 - d - 6. Let r(g) = -g**2 - g - 6. Let t(x) = 3*r(x) - 2*w(x). Let q = 197957 + -197957. Calculate t(q).
-6
Let q(b) = -2*b + 51575*b**3 - 51574*b**3 - 3*b - 10 - 2*b + 4*b**2. Determine q(-7).
-108
Let p(c) = -124*c + 868. Let y be p(7). Let t(q) be the third derivative of 1/3*q**3 - 9*q**2 + y + 1/60*q**5 + 0*q + 5/12*q**4. Give t(-10).
2
Let o(u) = 2*u**3 - 7*u**2 - u + 6. Let n(c) = c**3 - 4*c**2 - c + 3. Let d = -120 + 116. Let a(h) = d*o(h) + 7*n(h). Calculate a(-3).
33
Suppose -l = -3*q + 17, 2*q = 8*l - 4*l - 2. Let f be q - 7 - (-9)/(-1). Let g(n) = -n**3 - 10*n**2 - 10*n + 2. What is g(f)?
11
Let r = 18457 - 18454. Let k(h) = 3*h**3 - 3*h**2 - 5*h + 12. Calculate k(r).
51
Let c(v) = -14*v + 13. Let l be (1 + 1)*147/(-14) + 4. Let o(w) = 5*w - 4. Let i(s) = l*o(s) - 6*c(s). Suppose -4*x + 0*x = 32. Give i(x).
-2
Suppose 2*m = 2*i + 18, 5*i = -2*m - 0*i - 17. Let b(h) = h**2 - m*h + 3*h - 4 - 2*h - 2*h. Give b(5).
-4
Let j(p) be the first derivative of -p**2 + 7*p + 3657. Let z(v) be the second derivative of -5*v**3/3 - v**2/2 - 5*v. Let h be z(-1). What is j(h)?
-11
Let v be (14 - 3) + (4 - 0). Let j(l) be the first derivative of -l**4/4 + 5*l**3 + l**2/2 - 18*l + 5988. Calculate j(v).
-3
Let y(z) be the first derivative of -3/2*z**2 - 4*z + 145 - 1/3*z**3. Calculate y(-3).
-4
Let q(g) = 3*g - 6. Let i(u) = 46*u - 1671. Let x be i(36). What is q(x)?
-51
Let k(t) be the third derivative of -t**6/120 + t**5/10 - t**4/12 - t**3/3 + 38*t**2 - 5. Determine k(7).
-65
Let c(w) = 2*w + 96066*w**2 + 10 - 3*w - 96067*w**2. What is c(8)?
-62
Let c = 20549 - 20582. Let q(g) = -g**3 - 35*g**2 - 66*g - 16. Calculate q(c).
-16
Let w(t) = t**3 - 14*t**2 - 2*t + 12. Suppose 153*i - 154*i - 4*x + 14 = 0, 0 = -5*x. Calculate w(i).
-16
Let w(j) = 33*j + 16. Suppose 166 = -68*i + 30. What is w(i)?
-50
Suppose 24 = 4*w + 4*w. Suppose u - 23 = -3*q, -24 = -q - w*u - 3. Suppose 3*j - 3*m - 6 = 0, 0*j - 2*m + q = 3*j. Let s(b) = -5*b + 1. Give s(j).
-9
Let c = -5238 + 5236. Let d(y) = -4*y**3 - 5*y**2 - 5*y - 1. Determine d(c).
21
Let p(x) = -x**3 - 7*x**2 - 12*x - 11. Let o(w) = -3*w**3 - 3*w**2 - 8*w + 9. Let l be o(1). What is p(l)?
-1
Suppose 4*o = -3*h + 200, -6*h + o = -7*h + 68. Suppose k + 7*b - 27 = 2*b, -4*b = 5*k - h. Let l(a) = a**3 - 11*a**2 - 13*a + 5. Determine l(k).
-7
Let y(b) be the first derivative of b**6/360 + b**5/60 + b**4/24 + 4*b**3/3 - 2. Let f(g) be the third derivative of y(g). Let v = 997 - 999. Determine f(v).
1
Let y(c) = c**2 + 5*c + 5. Let h be (-27)/36 - (-1002)/24. Suppose -h*q - 101 - 104 = 0. Determine y(q).
5
Let k be 13/2*-2 + 6/2. Let v(f) = -f**2 - 21*f - 97. Let r be v(k). Let x(q) = q - 9. What is x(r)?
4
Let t(h) = h**2 - 3*h + 2. Let q be t(-7). Let j = 72 - q. Let z(c) = c + 2*c**2 + 0*c + 19 - 3*c**2. Calculate z(j).
19
Let v(i) be the second derivative of -101*i**3/3 - 505*i**2 - 11696*i. Give v(-5).
0
Let z(a) = 7*a - 114. Let m be z(20). Suppose 2*g - 5*s - m = 0, 3*g - 3*s - 1 = 29. Let f(c) = -c + 18. Calculate f(g).
10
Let o(s) = -20*s - 53. Suppose 83*g - 55*g - 76 = 47*g. Calculate o(g).
27
Let r(v) = -v + 11. Let i(n) = 3*n**2 + 30*n + 5. Suppose 2*l - 3*l + 2*m = -5, -l + 2 = m. Let b be -12 - ((-1)/l)/((-1)/(-6)). Let d be i(b). Give r(d).
6
Suppose 95*c = -256 - 29. Let g(v) be the third derivative of v**5/60 + v**4/8 - v**3/2 - 3*v**2 - 27*v. Give g(c).
-3
Let o(j) be the second derivative of j**4/3 - j**3/6 + 470*j + 2. Calculate o(-3).
39
Let q(k) = 9*k - 13. Let o be q(2). Let g(f) = o*f - 4*f - 3 + 2*f. What is g(0)?
-3
Let g(n) = -57 - 2*n - 36 + 98. Give g(-11).
27
Suppose 4*k = k + a + 39, 2*k = -3*a + 15. Let x(s) = 3 - k - 2*s - 5 + 27 + 3. Calculate x(4).
8
Let o = 3023 - 3005. Let v(u) be the second derivative of 2*u**2 + 0 - 1/12*u**4 + 2/3*u**3 - o*u. What is v(6)?
-8
Let l(h) = h**3 + 10*h**2 + 10*h + 1. Let o(p) = 20*p**2 + 263*p + 30. Let x be o(-13). What is l(x)?
-8
Let l = 567 - 536. Let i(w) = -25 - 1 - 8*w**2 + w + l - w**3. Determine i(-8).
-3
Let s(g) = -7*g + 35. Let x(l) = l**3 + 21*l**2 + 68*l + 6. Let t be x(-4). Give s(t).
-7
Suppose d = 11 - 3. Let a(t) = -14*t + 97. Let c be a(7). Let u(o) = -o + 1. Let p(l) = l**2 - 2*l - 15. Let g(j) = c*p(j) - 5*u(j). Give g(d).
2
Suppose 3*g = 6 + 6. Let x(z) be the third derivative of -z**4/12 + 3*z**3/2 - 9*z**2 + 2*z + 143. Determine x(g).
1
Let n be ((-1395)/(-2))/(-15) - (-2)/(-4). Let l be 11/2 - n/94. Let o(b) = 13 + 0*b + 0*b - b. Give o(l).
7
Suppose -3*h - 50 = -4*f, 10 = f + h + 8. Let d(n) be the second derivative of -n**3/6 + 5*n**2 + 13*n. What is d(f)?
2
Let y = -96 - -99. Let t(h) = 13 - 10 - 7*h**2 + y*h**2. Determine t(3).
-33
Suppose -3*o = 2*o - 25, o - 27 = -2*v. Suppose -5*y - 18 - 7 = -2*m, -3*y = 4*m - v. Suppose -m*n = g - 4*n + 10, 0 = -g + 4*n. Let k(l) = l + 10. Give k(g).
2
Let y be (-417)/(-556) - -5*7/(-4). Let w(k) = -k**3 - 6*k**2 + 7*k + 6. What is w(y)?
78
Let x(f) = 3*f**2 + f + 29. Let k(p) = -4*p**2 - 2*p - 30. Let v = -172 - -174. Let d(j) = v*k(j) + 3*x(j). Calculate d(0).
27
Let w(r) be the third derivative of r**6/24 - r**4/12 - r**3/3 - 6914*r**2. Calculate w(-1).
-5
Let f(t) = 4*t - 9*t - 153 + 132. Give f(-7).
14
Let c(i) = -6*i - 5. Let g be 3 - (-8 - 0/(6/3)). Suppose -g = -4*d - 15. Let b(n) = n + 1. Let y(v) = d*c(v) - 5*b(v). What is y(4)?
4
Let r(u) = 20*u**2 - 8*u + 0*u**2 - 64 + 3*u**2 - 22*u**2 + 80. Calculate r(-5).
81
Let j(w) = -5*w + 12. Suppose -78*i - 5 = -83*i, 3*r - 4*i + 19 = 0. Determine j(r).
37
Suppose r + 5 = 22*p - 19*p, -4*r + 8 = -5*p. Let v(f) = -f**2 + 5*f - 6. Determine v(p).
-2
Let m(y) = -y**2 - y. Let w(f) = 6*f**2 + 4*f - 4. Let v(b) = -5*m(b) - w(b). Suppose 4*h - 3 = h. Let z = h - -4. Calculate v(z).
-16
Let w(a) = -6*a - 1002*a**3 + 470*a**3 + 9 + 533*a**3 + 6*a**2. Calculate w(-8).
-71
Let l(h) = -7*h**2 + 10*h - 33. Let p(x) = -3*x**2 + 6*x - 16. Let q(i) = 4*l(i) - 9*p(i). Let s = 0 + -14. Determine q(s).
12
Let a = 99 - 96. Let u(g) = -3*g**a + 3 + 2*g + 2 - 3*g**2 + 4*g**3 - 6. Determine u(2).
-1
Let a(i) = -i**3 + 6*i**2 + 20*i - 20. Let w = 1009 + -1001. Give a(w).
12
Let z(j) = 170*j + 18. Let c(i) = -57*i - 9. Let u(f) = 3*c(f) + z(f). Let a(q) = 2*q - 1. Let s be a(1). Let x be (8/(-3))/(s/3). Determine u(x).
-1
Suppose v - 9*r = 17, 5*r = 30*v - 34*v + 232. Let k(i) = -i**3 + 57*i**2 - 215*i + 157. Calculate k(v).
-2
Let t = 48 + -48. Let h = 4 - 4. Let s(z) = -z + 6*z**3 + 4 - 2*z**3 + h*z - 5*z**3. Give s(t).
4
Let o(q) = 16*q**2 - 4*q**3 - 11*q**2 + 3*q + 2 - 6 + 2*q**3. Let y be ((-3)/2 - -2)/(2 - 3)*-8. What is o(y)?
-40
Let t(f) = f**2 + 6*f - 4. Suppose -4*b + 3*s = -1137, -104 = -b + 3*s + 169. Let w = b - 295. Calculate t(w).
3
Let n(p) be the second derivative of 11*p**3/6 + p**2/2 - 427*p + 2. Calculate n(6).
67
Let k(t) = -t**2 - 4*t. Suppose 5*w - 2*s = 13, -5*s = w - 7*s - 1. Suppose 0 = 4*g - 5*g - w. Calculate k(g).
3
Let a(i) = 111*i - 54*i - 73*i - 63. Calculate a(-4).
1
Let q(c) = -2*c**3 + c**2 - c - 2. Let b be q(-2). Suppose -8*y + b = -4*y. Suppose 4*w + 5 = y. Let m(r) = r**3 + 3. What is m(w)?
